emainder when 8416 is divided by 1398.
28
What is the remainder when 29080 is divided by 127?
124
What is the remainder when 1702096 is divided by 25?
21
Calculate the remainder when 691 is divided by 48.
19
What is the remainder when 5924 is divided by 94?
2
What is the remainder when 34636 is divided by 17314?
8
Calculate the remainder when 147003 is divided by 490.
3
Calculate the remainder when 22269 is divided by 1237.
3
What is the remainder when 21600 is divided by 1265?
95
What is the remainder when 3670 is divided by 3272?
398
What is the remainder when 619267 is divided by 47?
42
Calculate the remainder when 9098 is divided by 1289.
75
Calculate the remainder when 22695 is divided by 1079.
36
What is the remainder when 11105 is divided by 368?
65
Calculate the remainder when 2263 is divided by 988.
287
What is the remainder when 213442 is divided by 147?
145
Calculate the remainder when 7545 is divided by 1255.
15
What is the remainder when 111020 is divided by 125?
20
What is the remainder when 397731 is divided by 17?
16
What is the remainder when 19825 is divided by 6125?
1450
What is the remainder when 2011943 is divided by 19?
14
Calculate the remainder when 264003 is divided by 52.
51
Calculate the remainder when 9756 is divided by 1626.
0
Calculate the remainder when 166173 is divided by 48.
45
What is the remainder when 15452 is divided by 183?
80
Calculate the remainder when 2958 is divided by 1475.
8
What is the remainder when 70607 is divided by 35297?
13
What is the remainder when 2102 is divided by 701?
700
What is the remainder when 21738 is divided by 6?
0
Calculate the remainder when 8125 is divided by 63.
61
What is the remainder when 10959 is divided by 408?
351
What is the remainder when 13231 is divided by 8?
7
What is the remainder when 13978 is divided by 4650?
28
What is the remainder when 5861 is divided by 267?
254
Calculate the remainder when 27914 is divided by 141.
137
What is the remainder when 597135 is divided by 26?
19
Calculate the remainder when 6470 is divided by 20.
10
What is the remainder when 29049 is divided by 804?
105
Calculate the remainder when 18585 is divided by 22.
17
Calculate the remainder when 214984 is divided by 589.
588
Calculate the remainder when 2039 is divided by 398.
49
Calculate the remainder when 4152 is divided by 216.
48
What is the remainder when 22154 is divided by 739?
723
What is the remainder when 121565 is divided by 1269?
1010
Calculate the remainder when 1639 is divided by 173.
82
What is the remainder when 310163 is divided by 205?
203
Calculate the remainder when 136937 is divided by 205.
202
What is the remainder when 7441 is divided by 219?
214
Calculate the remainder when 40602 is divided by 432.
426
What is the remainder when 86278 is divided by 1106?
10
Calculate the remainder when 252995 is divided by 14882.
1
What is the remainder when 292230 is divided by 137?
9
What is the remainder when 18028 is divided by 334?
326
What is the remainder when 9955334 is divided by 2062?
2060
What is the remainder when 3273 is divided by 634?
103
Calculate the remainder when 279941 is divided by 432.
5
Calculate the remainder when 70026 is divided by 59.
52
What is the remainder when 2274 is divided by 88?
74
Calculate the remainder when 561 is divided by 29.
10
What is the remainder when 11082 is divided by 1384?
10
Calculate the remainder when 70998 is divided by 23662.
12
Calculate the remainder when 5605 is divided by 356.
265
What is the remainder when 2251 is divided by 16?
11
What is the remainder when 762413 is divided by 186?
185
Calculate the remainder when 202609 is divided by 21.
1
Calculate the remainder when 10093 is divided by 58.
1
Calculate the remainder when 29816 is divided by 9898.
122
Calculate the remainder when 12148 is divided by 59.
53
What is the remainder when 517 is divided by 88?
77
What is the remainder when 20152 is divided by 43?
28
Calculate the remainder when 2415 is divided by 24.
15
What is the remainder when 21177 is divided by 784?
9
What is the remainder when 23576 is divided by 2?
0
Calculate the remainder when 3246 is divided by 136.
118
Calculate the remainder when 20039 is divided by 1265.
1064
Calculate the remainder when 206 is divided by 150.
56
Calculate the remainder when 8768 is divided by 644.
396
Calculate the remainder when 6551 is divided by 251.
25
What is the remainder when 27977 is divided by 902?
15
What is the remainder when 135989 is divided by 191?
188
What is the remainder when 133377 is divided by 228?
225
What is the remainder when 27566 is divided by 225?
116
Calculate the remainder when 3400 is divided by 431.
383
Calculate the remainder when 11542 is divided by 109.
97
What is the remainder when 37178 is divided by 29?
0
What is the remainder when 3116 is divided by 295?
166
What is the remainder when 107139 is divided by 59?
54
What is the remainder when 54758 is divided by 693?
11
What is the remainder when 28925 is divided by 209?
83
Calculate the remainder when 34799 is divided by 48.
47
What is the remainder when 78462 is divided by 224?
62
Calculate the remainder when 543494 is divided by 164.
162
What is the remainder when 4753235 is divided by 37?
30
What is the remainder when 151631 is divided by 85?
76
Calculate the remainder when 513 is divided by 179.
155
Calculate the remainder when 1480106 is divided by 22.
12
Calculate the remainder when 180310 is divided by 392.
382
Calculate the remainder when 711 is divided by 69.
21
What is the remainder when 228147 is divided by 169?
166
What is the remainder when 5442 is divided by 12?
6
Calculate the remainder when 21358 is divided by 790.
28
What is the remainder when 1285 is divided by 87?
67
Calculate the remainder when 142297 is divided by 255.
7
What is the remainder when 1066 is divided by 981?
85
Calculate the remainder when 5677 is divided by 16.
13
Calculate the remainder when 739206 is divided by 43.
36
Calculate the remainder when 51900 is divided by 633.
627
Calculate the remainder when 294448 is divided by 10.
8
What is the remainder when 23873 is divided by 13?
5
Calculate the remainder when 791035 is divided by 20.
15
Calculate the remainder when 1688343 is divided by 472.
471
Calculate the remainder when 1991 is divided by 1868.
123
What is the remainder when 54514 is divided by 118?
116
What is the remainder when 23439 is divided by 756?
3
Calculate the remainder when 60408 is divided by 14.
12
Calculate the remainder when 579 is divided by 246.
87
Calculate the remainder when 4685 is divided by 924.
65
Calculate the remainder when 298323 is divided by 161.
151
Calculate the remainder when 134901 is divided by 1261.
1235
Calculate the remainder when 78160 is divided by 7816.
0
What is the remainder when 72304 is divided by 234?
232
Calculate the remainder when 457 is divided by 32.
9
Calculate the remainder when 47311 is divided by 41.
38
What is the remainder when 31229 is divided by 1?
0
Calculate the remainder when 4737 is divided by 353.
148
What is the remainder when 28994 is divided by 117?
95
What is the remainder when 294732 is divided by 1352?
1348
What is the remainder when 69953 is divided by 262?
261
What is the remainder when 7719 is divided by 572?
283
Calculate the remainder when 11427814 is divided by 8.
6
Calculate the remainder when 350273 is divided by 1052.
1009
Calculate the remainder when 825 is divided by 532.
293
Calculate the remainder when 45568 is divided by 229.
226
Calculate the remainder when 877028 is divided by 187.
185
Calculate the remainder when 1802978 is divided by 59.
56
What is the remainder when 139129 is divided by 22?
1
What is the remainder when 48992 is divided by 187?
185
What is the remainder when 2751 is divided by 92?
83
Calculate the remainder when 316291 is divided by 63258.
1
What is the remainder when 94960 is divided by 89?
86
What is the remainder when 1605 is divided by 399?
9
What is the remainder when 305394 is divided by 305385?
9
Calculate the remainder when 73368 is divided by 332.
328
What is the remainder when 6966 is divided by 59?
4
Calculate the remainder when 228815 is divided by 228801.
14
What is the remainder when 11105 is divided by 444?
5
Calculate the remainde